 factor of w and 646.
38
Let d = -243 - -264. Suppose h - 102 - 36 = 0. Let n = 9 + h. Calculate the greatest common factor of n and d.
21
Let i(u) be the third derivative of 292*u**5/15 + u**4/6 - u**3/3 - 57*u**2 + 2. Let z be i(1). Calculate the highest common divisor of 90 and z.
90
Let u be ((-6)/(-24))/1 + (-15)/(-4). Suppose -u*i + g = -2, 5*i + 4*g = 3*g - 2. Suppose 14*t - 15*t + 42 = i. What is the highest common divisor of t and 6?
6
Suppose 2*u = 162 + 222. Let g be -6 + ((-1)/2)/(26/59436). Let h be (-7)/(-112) - g/48. Calculate the greatest common factor of h and u.
24
Suppose 5*v = -p + 202, 5*p + v = 3*v + 1118. Let a = -67656 + 67662. What is the greatest common factor of a and p?
6
Let i(t) = t**2 + 13*t + 42. Let a be i(-15). Suppose -14*x = -13*x - a. What is the highest common factor of 108 and x?
36
Let s = -101 - -106. Suppose -q - 2*q - s*p = -351, -585 = -5*q - 5*p. What is the highest common divisor of 9 and q?
9
Let t(j) = 9*j**2 - 2*j - 45. Let p be t(7). Let z = p - 367. What is the highest common factor of 240 and z?
15
Let h be 0 + 24 + -1 - (-4)/(-2). Suppose 6*n - 234 = 1782. What is the greatest common divisor of n and h?
21
Let c(i) = 101*i - 67. Let x be c(3). Let s = -230 + x. What is the highest common divisor of 8 and s?
2
Let v(d) = 84*d**3 + 5*d**2 + 9*d - 48. Let y be v(3). Calculate the greatest common factor of y and 12.
12
Suppose 6*n = -4*w + 210, -5*w = -2148*n + 2146*n - 215. What is the highest common factor of 3945 and w?
15
Let g = 701 + -43. Let w(y) = 6*y**2 - 10*y - 6. Let s be w(5). Calculate the greatest common divisor of g and s.
94
Let j(f) = 574*f + 3161. Let n be j(-5). What is the greatest common divisor of 12 and n?
3
Suppose 2*f = 5*k - 564, 13*k + 17*f - 1458 = 18*f. Calculate the greatest common factor of k and 9576.
56
Let d = -12184 + 12215. What is the greatest common factor of d and 15004?
31
Suppose -12*q + 3 = -15*q. Let l be (q - 1)/10 + 1809/45. Calculate the greatest common divisor of 5 and l.
5
Let g be (4/(-6))/(3/216*4). Let s(a) = a**3 + 13*a**2 - 2*a - 7. Let u be s(g). Let f = -89 + u. Calculate the greatest common divisor of f and 24.
24
Suppose 5*h = -0*t - t + 1114, 450 = 2*h - 4*t. Suppose 0 = 9*s - h - 353. Let m(b) = -64*b. Let o be m(-8). What is the greatest common divisor of o and s?
64
Suppose 22*o = -51*o + 34407 + 50419. Calculate the highest common divisor of 1826 and o.
166
Suppose 3*v + 167 - 1211 = 0. Let l = 1299 - 1287. What is the highest common factor of v and l?
12
Let g = -6535 - -6563. What is the greatest common factor of 164 and g?
4
Let b = -341 - -349. Let k(x) = -x**2 + 26*x + 59. Let d be k(23). Calculate the greatest common divisor of d and b.
8
Let k(r) = 2*r + 7. Let i be k(1). Suppose -1716 = 3*p - i*p. What is the greatest common divisor of p and 26?
26
Suppose 0 = -5*t - 2*k + 87923, -32*t + 28*t + 70372 = -4*k. Calculate the highest common factor of 43 and t.
43
Let g(k) = 2*k**2 + 18*k + 156. Let m be g(-15). What is the highest common divisor of m and 546?
42
Let p(v) = 196*v**2 - 67*v + 66. Let q be p(1). Calculate the highest common factor of 1625 and q.
65
Let g be (0 + 1)/((-7)/(-1316)). Let r = g + -152. Calculate the highest common factor of 84 and r.
12
Suppose 188*z - 685 = 187*z. Suppose 965 = 6*u - z. Calculate the greatest common divisor of u and 25.
25
Let o(w) = 2*w**3 - w**2 - 16*w + 88. Let x be o(0). Calculate the highest common divisor of 104 and x.
8
Suppose 680 = 16*x - 3463 - 3281. What is the greatest common divisor of x and 3944?
232
Let h = 176 + -633. Let o = 667 + h. What is the highest common divisor of 30 and o?
30
Let u be 7*-730*3/(-105). What is the greatest common factor of 2847 and u?
73
Suppose 0 = -44*x + 39*x - 35, -2*y + 2*x + 198 = 0. What is the greatest common divisor of 20516 and y?
92
Suppose -2*f = -2619 - 3387. Suppose 4*x + 607 - f = -4*m, 4 = -4*m. Let j be x/12 - -4*1. What is the greatest common factor of 6 and j?
6
Let b = 366 - 352. Let d be 910/(-195)*(-156)/b. What is the highest common divisor of 4 and d?
4
Suppose -55 = 7*n - 69. Let b be 1108/n - (-3)/9*3. Calculate the greatest common divisor of 15 and b.
15
Suppose 124*k - 430*k + 3638 + 34 = 0. Suppose 3*d - 13 - 23 = 0. What is the highest common divisor of k and d?
12
Let r(n) = -3311*n - 2975. Let m be r(-1). Let y be (2 + -23)/((-2)/4). Calculate the highest common factor of m and y.
42
Let d = 30 - 30. Suppose d = 8*x - 1 - 39. Suppose 4*i - 19 - 22 = x*p, 0 = -2*p + 6. Calculate the greatest common divisor of 182 and i.
14
Suppose 0 = -2*m + 5*u + 1684 + 1273, 2992 = 2*m + 2*u. Calculate the highest common factor of m and 14.
7
Let u(v) = 30*v - 20*v + 6 + 10*v**2 - 6*v. Let r be u(-4). Calculate the highest common factor of 30 and r.
30
Suppose -13*d + 67 = -4*c, -2*d + 157 = -c + 149. Suppose 0 = 3*r + 9, 2*r = -3*l - 0*r + 84. What is the highest common factor of l and c?
6
Let n = -13047 + 21817. Calculate the highest common factor of 10 and n.
10
Let z = -4517 - -6321. What is the greatest common divisor of z and 2788?
164
Let m(l) = 20*l**2 + 9 + 4*l + 11*l**2 - 30*l**2. Let c(g) = -8*g**2 - 2*g. Let p be c(-1). Let r be m(p). What is the greatest common factor of r and 84?
21
Let s(v) be the third derivative of -5*v**4/12 - 5*v**3/3 - 2*v**2 + 2. Let b be s(-5). Calculate the greatest common factor of 30 and b.
10
Suppose -14 = 4*g + c - 99, -4*c = -3*g + 40. Suppose 35*s = 23*s + 60. Suppose i - g = -s. What is the greatest common divisor of 30 and i?
15
Suppose 2*c - m - 70 = -0*m, c - 3*m = 45. Suppose -24*w - 180 = -c*w. What is the greatest common divisor of 140 and w?
20
Let s = 56 - 54. Let i(x) = x**s + 0 - 7*x - 3 - 9. Let m be i(13). What is the greatest common divisor of m and 6?
6
Let h(g) = -59*g + 956. Let q be h(-22). What is the greatest common factor of 49 and q?
49
Let b be ((-4)/(-16)*-199 + -3)*-4. Let q = b + -112. What is the greatest common divisor of q and 9?
9
Let w = 110 + -104. Let i be -6*(3/(-2) + (w - 7)). What is the highest common divisor of i and 20?
5
Suppose s - 7 = 2. Suppose -y + s + 5 = 0. Suppose 0 = 5*c + 2*j - 72, 2*j + 108 - 40 = 5*c. What is the greatest common divisor of c and y?
14
Suppose 5*b - 8 = 2, -4*a + b = 62. Let i be (0 - -12) + a/(-5). Let u = -14 + 20. What is the greatest common divisor of i and u?
3
Let f be 3 + ((-7)/(-1))/((-5110)/(-5105) + -1). What is the greatest common divisor of f and 10?
10
Suppose -2*d + 599 = -507. Suppose -d = -14*j - 63. What is the highest common factor of 15 and j?
5
Suppose 3*d = -19 + 91. Suppose -4*q = -d + 4. Let c be (-3 + -1 + 3)*-1*45. Calculate the greatest common divisor of c and q.
5
Suppose 40*u - 730 = -170. Calculate the highest common factor of u and 686.
14
Let g be 5 + -2 + 6904 + (22 - 12) + -8. What is the greatest common divisor of 98 and g?
49
Let f(r) = -r**2 - 4*r + 1. Let a be f(-3). Let d = -7029 + 7041. Calculate the highest common factor of d and a.
4
Let p be (2 + 4 + -1 + -5)/(-1). Suppose s - 90 = -p*s - 4*c, 4*s - c - 275 = 0. Suppose -3*m + 27 = 6. Calculate the greatest common divisor of m and s.
7
Let p be ((-220)/14)/(324/(-21546)). What is the highest common factor of 220 and p?
55
Let r = 119 - 31. Let h be (3/6)/(-2 + 133/66). Calculate the highest common divisor of r and h.
11
Suppose -4*j = -3*q + 306 - 260, -98 = -5*q + 4*j. Calculate the greatest common factor of q and 7709.
13
Let t be ((-54)/(-4))/((-15)/(-40)). Let r(u) = 58*u**2 - 4*u - 4. Let v be r(-1). Let p = 82 - v. What is the greatest common divisor of t and p?
12
Suppose 5706*v = 5707*v - 28. Calculate the highest common factor of 126 and v.
14
Let k be (-4 - -4) + -4 - -6. Let f be (-125)/k + 9/(-18). Let c = f - -87. What is the highest common factor of 96 and c?
24
Let p(y) = y**3 - 7*y**2 - 3*y + 12. Let c be p(8). Suppose -129*h + 134*h - 210 = 0. Suppose 5*n - 88 - h = 0. What is the highest common factor of n and c?
26
Let j be (-57)/(-15) + (-2)/(-10). Suppose 621*x + 2868 = 623*x. Let p be x/45 - 12/(-90). Calculate the highest common factor of p and j.
4
Let t(f) = f**2 - 2. Let z be t(-2). Let o be 42*z + (-1 - -2). Let i be (2/6)/((-20)/(-1020)). What is the greatest common divisor of o and i?
17
Suppos